greatest common factor of 8 and g?
8
Suppose 0*w - 140 = -2*w. Suppose -w - 2 = -4*p. Let v(z) = 2*z**2 - 3*z + 198. Let f be v(0). Calculate the greatest common factor of p and f.
18
Suppose 8*i = -3*y + 3*i + 144, -5*y - 5*i + 240 = 0. What is the highest common factor of 6 and y?
6
Let y(r) be the first derivative of -r**4/4 + r**3/3 + r**2/2 + r + 1. Let t be y(-1). What is the greatest common divisor of 5 and t?
1
Let h = 27 + -26. Calculate the greatest common factor of 1 and h.
1
Let n be ((-3)/5)/((-1)/5). Let y(f) = -f**3 + 38*f**2 - 35*f - 56. Let a be y(37). What is the highest common divisor of a and n?
3
Let f = 22 + -19. Calculate the greatest common divisor of 39 and f.
3
Let q(h) = -2*h + 5. Let o be q(6). Let x = 14 + o. Suppose -22*j + 49 = -21*j. Calculate the highest common factor of x and j.
7
Suppose -5*t = -36 - 39. Let c(g) = -2*g**3 - g**2 - g - 3. Let o = 8 - 11. Let h be c(o). What is the highest common factor of h and t?
15
Suppose 4*k - 23 = 1. What is the highest common factor of k and 4?
2
Suppose 4*b = -1 + 9. Suppose 0 = -q + 3*c + 9, -2*c = -2*q - 5*c. What is the highest common factor of q and b?
1
Suppose -5 = 2*f + 15. Let h = f - -20. Let q(o) = o**3 + 10*o**2 + 9*o - 4. Let r be q(-7). What is the highest common factor of h and r?
10
Let p(x) = 3*x. Let v(i) = -i**3 + 5*i**2 + 7*i - 4. Let a be v(6). Let f be 4/(a*3/6). Let h be p(f). What is the greatest common divisor of h and 96?
12
Let v = 83 + -38. What is the highest common divisor of v and 5?
5
Let f be (2 + 0)/((-6)/(-285)). Suppose -76 = y + 3*y. Let j be (3 - 2)/((-1)/y). What is the greatest common divisor of j and f?
19
Let z(h) = 463*h**2 - 2*h + 1. Let m be z(1). Suppose m = -0*q + 3*q. Calculate the greatest common divisor of 14 and q.
14
Let j = -4 - -4. Suppose -2*k + 5*w + 23 = 0, k + j*k = 2*w + 10. Let s be (-5)/20 + 33/k. Calculate the highest common divisor of s and 88.
8
Let p(a) = -a**3 - 6*a**2 - 6*a - 2. Let l be p(-4). Let s be ((-6)/l - 3)*-10. Calculate the greatest common divisor of 12 and s.
12
Let o = 83 - 39. Suppose 4*a - 3*a = 26. Let w = o - a. Calculate the highest common divisor of 18 and w.
18
Let k(o) = 2*o**3 - 8*o**2 + 5*o - 3. Let q be k(5). What is the highest common factor of q and 36?
36
Suppose -3*n + 748 = n. Suppose 3*z - 4*m = -z + 128, 3*z + 3*m = 108. Suppose i = -i + z. Calculate the highest common divisor of i and n.
17
Let p(c) = -c**3 + 5*c**2 - 5*c - 1. Let t = -5 + 9. Let f be p(t). Let d(z) = 2*z**2 + 4*z - 2. Let b be d(f). What is the highest common factor of 70 and b?
14
Suppose 0 = 7*z - 3*z - 20. Suppose m - f - 7 = -4*m, 0 = -3*m + z*f + 13. What is the greatest common factor of 1 and m?
1
Let z(b) = -b**2 + 3*b - 1. Let c be z(2). Suppose -3*q - 13 = -4*s + c, -4*s - 3*q + 26 = 0. Calculate the highest common factor of 40 and s.
5
Suppose 4*v - 62 = 178. What is the greatest common factor of 40 and v?
20
Let u(q) = -3*q**2 + 3*q + 5*q**2 + 3 + q**2 - q**3 + 0*q**3. Let i be u(3). Let r be 2/6 - (-596)/i. What is the greatest common factor of 10 and r?
10
Let k = 2 - -54. Calculate the greatest common divisor of k and 14.
14
Let j be ((-5)/(-10))/((-1)/2). Let m be 7 + 4/2*j. Let t(g) = 7*g**2 - 3*g + 1. Let d be t(3). Calculate the greatest common factor of d and m.
5
Let c(j) = -j**2 - 9*j + 12. Let k be c(-9). Calculate the greatest common factor of 108 and k.
12
Suppose 11*a = 6*a + 55. What is the highest common divisor of 77 and a?
11
Let r = 5 - 2. Suppose 0*f - 4*f + 1 = a, -4*a = -f + 13. Suppose 0 = 4*g - 3*g - f. What is the greatest common divisor of r and g?
1
Let b be ((-1)/(-1))/(15/75). Let m be (-6 - -2) + 90/b. Calculate the highest common factor of m and 154.
14
Let o = 572 - 404. What is the highest common divisor of o and 42?
42
Let h be 4 + -3 - 489/(-1). Suppose -3*n = 2*n - h. Suppose -22 = 4*d - n. Calculate the greatest common factor of d and 19.
19
Suppose -216 = -a - 2*a. Calculate the highest common factor of a and 24.
24
Let m = 11 - 3. What is the greatest common factor of 80 and m?
8
Let y = -59 + 192. Calculate the greatest common factor of y and 19.
19
Suppose -5*k = f - 48, -38 = -3*f - k + 148. What is the greatest common divisor of 9 and f?
9
Let w be 2/(-3) - (-560)/30. Suppose s - w = -s. Let i(t) = -t**3. Let d be i(-1). What is the greatest common factor of d and s?
1
Let s(d) = 6*d**2 + 6*d + 4. Let g be s(5). What is the highest common factor of 23 and g?
23
Suppose 2*d + 8 = -0. Let l = -2 - d. Let a = -5 + 7. What is the greatest common factor of l and a?
2
Let s(l) = 4*l - 7. Let u be s(5). Let v = 0 - -2. Suppose v*w - 7*w = -520. What is the highest common factor of u and w?
13
Suppose 4*o + o - 30 = 0. Calculate the highest common divisor of 54 and o.
6
Let k be (-7)/21 + 4/9*39. Suppose -199 = r - 2*r - 3*n, 3*r + 4*n - 577 = 0. Calculate the highest common divisor of r and k.
17
Suppose -2*w + 5 = -5. Let v = w - 3. Calculate the greatest common factor of v and 3.
1
Let y = 49 + -25. What is the greatest common factor of 24 and y?
24
Suppose -207 = -5*g - 37. Calculate the greatest common divisor of 17 and g.
17
Suppose 0*q - 2*z = q - 16, 55 = 5*q + 5*z. Suppose 4*x = q + 6. Suppose 2*s + s = p + 30, -5*p - 42 = -x*s. Calculate the greatest common divisor of s and 99.
9
Suppose 3*i + 5*s = -i + 255, -5*i - s + 303 = 0. Calculate the greatest common divisor of i and 24.
12
Suppose -38 = -4*c - f - 2*f, -3*c = -2*f - 37. What is the highest common divisor of 77 and c?
11
Let u(n) = -32*n - 7. Let b be u(-2). What is the greatest common divisor of b and 95?
19
Let i(a) = -4*a - 1. Let o be i(-1). Suppose -5*j + 2*q + 94 = 0, -16 = -o*j + 2*j - q. Calculate the highest common divisor of 2 and j.
2
Let a(z) be the second derivative of z + 1/20*z**5 - 5/2*z**2 + z**3 - 1/3*z**4 + 0. Let r be a(5). Calculate the highest common factor of r and 10.
10
Let h(d) = 5*d**3 - 2*d**2 + 4*d - 3. Let z be h(1). Suppose 3*c = -1 + 4. What is the greatest common divisor of c and z?
1
Let o(k) = -k + 9. Let y be o(-8). What is the highest common factor of y and 68?
17
Let i be -2*(-6)/(-4) - 3. Let t be (16/i)/(-4)*57. Suppose -5*v + o + o = -67, -t = -3*v - o. What is the highest common factor of v and 52?
13
Let v be (-21)/(1 - (-5)/(-2)). Suppose 16*f + 126 - 350 = 0. What is the highest common divisor of f and v?
14
Suppose -2*i + 3*c - 8*c + 139 = 0, 4*c = 5*i - 364. Calculate the highest common factor of i and 12.
12
Suppose 0 = -5*g + 15, 2*g = -4*o + g + 51. Calculate the greatest common divisor of o and 12.
12
Let y be (6/4)/(6/8). Let a = y - 0. Suppose -w - 580 = -5*z, -a*z + 219 = -0*w - 3*w. What is the greatest common divisor of z and 13?
13
Let u = 79 + -28. Calculate the greatest common factor of u and 34.
17
Let i = -17 + 182. Suppose 0 = -r + 11 + 4. Calculate the greatest common divisor of r and i.
15
Suppose w = 2*v + 5*w - 16, 4*v = 5*w + 71. Let m = 8 - v. Let d be (-26)/(-6) - (-2)/m. Calculate the highest common divisor of 28 and d.
4
Let t(z) = -z**3 - 2*z**2 + 3*z - 4. Let r be t(-3). Let k be (-30)/(-8) + r/(-16). Suppose 14 + k = n. Calculate the greatest common factor of 198 and n.
18
Suppose -3*h - 2*h = -65. Let n = -2 + 74. Let g = 189 - n. Calculate the highest common divisor of g and h.
13
Let h(d) = 14*d**2 - 12*d - 2. Let f be h(-8). Suppose 4*t - f = -t. What is the highest common factor of 22 and t?
22
Let a be 2/(-4) + (-582)/(-12). What is the greatest common factor of 8 and a?
8
Let o be 4/(4/(-16)*8/(-5)). Calculate the greatest common divisor of o and 1.
1
Suppose -z = -3 - 9. Let c(k) = -13*k + 18. Let m be c(-6). Calculate the greatest common factor of z and m.
12
Let a be (383 - 0) + (1 - 4). Suppose -6*f + 2*f + a = 0. What is the highest common factor of f and 38?
19
Let k be (-65)/(-3) + 1/3. Let v = 36 - k. Let j = 22 + v. Calculate the highest common factor of j and 4.
4
Let m(f) = -f + 18. Suppose 0*r + r - 2 = 0. Let q be (1 + 1 - r)/(-2). Let s be m(q). What is the greatest common divisor of s and 27?
9
Let p be (-2 - -18) + (-2 - -3). Let y be 1*-2*p/(-2). Let u(l) = 10*l**2 - 6*l + 6. Let x be u(2). Calculate the greatest common divisor of x and y.
17
Let i be (-10)/45 + 1030/18. Let r = i + 90. Calc